e c(f). Let d(r) = r + 1. Give d(s).
-3
Let x(c) = 2*c - 2. Suppose 0*y + 4*y + 4*k + 4 = 0, -y = 5*k + 21. Suppose -2*l - 5*h = -2, -3*h - 4 = -h. Let n = y - l. Determine x(n).
-6
Let c be -1*1*36/12. Let z(i) = 2*i + 3. Give z(c).
-3
Let s(l) = -14*l**2 + 2*l - 1 + 31*l**2 - 18*l**2. What is s(5)?
-16
Let l(t) be the third derivative of 1/15*t**5 + 0 - 2*t**2 - 1/24*t**4 - 1/120*t**6 - 1/3*t**3 + 0*t. Give l(3).
4
Let p(r) = -r - 1. Let b(o) = -o + 1. Let m(z) = -b(z) + 5*p(z). Calculate m(-4).
10
Let b(g) be the second derivative of -g**5/20 - g**4/12 - g**3/3 - 3*g**2/2 - g. Let w(i) = -i + 2. Let f be w(-2). Let t be 9/(-6)*f/3. What is b(t)?
5
Let f(b) = -5*b. Let c be f(-1). Suppose c = a + 3. Let k(t) = 0*t - 3*t**2 + 0*t + a. Determine k(2).
-10
Let y(m) = 5*m**2 - m**2 - 7*m + 2 + m**3 - 9. Let r be 2/8 - 42/8. Determine y(r).
3
Let r(c) = c**2 + 8*c - 9. Suppose x + 0 = 4*t + 3, 15 = -5*t. Let d be r(x). Let s(p) = -p + 2. What is s(d)?
2
Let t(m) = -m - 10. Let k be 9/(-6) - (-2)/(4/3). Determine t(k).
-10
Let b(h) = 99*h**2 - 3 - 98*h**2 - 8 + 10*h. Determine b(-11).
0
Let y(v) = -v**2 - 22*v + 46. Let q be y(-24). Let c(z) = 3*z**2 - 2. Determine c(q).
10
Suppose 20 = 5*i - i. Let g = i - -1. Let z(t) = t**2 - 7*t + 3. Determine z(g).
-3
Suppose o = 6*d - d + 15, 0 = -2*o + 5*d + 20. Let g(s) = -s**2 + 6*s - 6. Calculate g(o).
-1
Let f(l) = l**2 + 3*l - 6. Let v(q) = -q**2 - 4*q + 7. Let k(a) = 4*f(a) + 3*v(a). Calculate k(3).
6
Let q(h) = h - 4 + 3 - 4. Let a = -58 - -58. What is q(a)?
-5
Let q(i) = -22*i + 135. Let w be q(6). Let x(n) = -3*n**3 + 4*n**3 - 4*n**2 + n**3. Determine x(w).
18
Let i(d) be the second derivative of -d**6/360 + d**5/120 + d**4/12 - d. Let x(c) be the third derivative of i(c). Let s be (50/(-275) + (-5)/33)*9. Give x(s).
7
Let q(z) = -z**2 - 5*z + 2. Let r = 9 - 18. Let j(g) = g**3 + 8*g**2 - 9*g - 3. Let p be j(r). What is q(p)?
8
Suppose 3 = 4*u + 2*x + 1, 3*x = 5*u - 30. Suppose 0 = z - u*z. Let h(w) = -w**2 - w - 7. What is h(z)?
-7
Let w(y) = 2*y**2 - 5 - 3*y - y - 3*y**2. Determine w(-5).
-10
Let w(r) = 3*r**2 - 1. Let p be -4 + 4 + (-6)/(-2) - 4. Give w(p).
2
Suppose p - 2 = 1. Let f(d) = 0*d + d**2 - p + 1 + d. Suppose 0*i = -i - 2*u - 4, 2*i + 5*u + 11 = 0. Give f(i).
4
Let n(k) = -k**3 + 4*k**2 - k + 2. Let u(p) = 2*p**2 - 21*p + 13. Let v be u(10). Calculate n(v).
8
Let b(w) = w**2 + 7*w + 6. Let o = 30 - 35. Give b(o).
-4
Let u(z) = -z**3 + 3*z + 3. Suppose -7 - 29 = -12*y. Give u(y).
-15
Suppose -77 - 3 = -16*b. Let w(z) = z**3 - 6*z**2 + 6*z - 6. Give w(b).
-1
Let x(i) = i**2 + 4*i**2 - i**2 - i**3 + 4*i. Suppose -3*l - 2 + 15 = u, -5*u = 10. What is x(l)?
-5
Let b(o) = -7 - o**2 + 2*o + 6*o - 1. Let m be b(6). Let s(t) = 1 - 2 + 4 + t**3 + m*t**2. Calculate s(-4).
3
Let s be (-4)/(8/(-6)) - 6. Let g be ((-2)/6 - 1)*-3. Let o(i) = 1 - g + 0*i - 4*i - 1. Calculate o(s).
8
Suppose 0 = 4*j - 20, -2*q + j = 2*q + 1. Let p(o) be the first derivative of 0*o**3 + o + 0*o**2 - 1 + 1/4*o**4. What is p(q)?
2
Let i(v) be the third derivative of 25*v**4/24 - 11*v**3/6 + v**2. Let q(p) = -12*p + 5. Let u(t) = 4*i(t) + 9*q(t). What is u(1)?
-7
Let h(a) = -a**3 - 7*a**2 - 7*a - 4. Suppose 3*b + 8 + 16 = -3*j, b + 16 = -5*j. Let c be h(b). Let p(q) = 7 + 3 - 2*q - c - 3. Determine p(4).
-3
Let v(a) be the second derivative of -a**4/24 + 2*a**3/3 + a**2/2 + 5*a. Let z(r) be the first derivative of v(r). Give z(-3).
7
Let b(u) = 4*u - 13. Let m(g) = g - 25. Let d(r) = -4*r + 74. Let n(y) = -5*d(y) - 14*m(y). Let o(k) = -7*b(k) + 5*n(k). What is o(6)?
3
Let k(o) = o**3 - 5*o**2 + 4*o + 1. Suppose 3*v + 15 = 0, -5*t = 3*v + 2 + 8. Let f(g) = 4*g**2 + g**3 + t - 6*g**2 + 0*g + g. Let z be f(2). What is k(z)?
-5
Let o(n) = 9*n**3 - n**2 + 1. Let q = -13 + 24. Let z(b) = b**3 - 11*b**2 + b - 12. Let g be z(q). Calculate o(g).
-9
Let o(i) be the third derivative of 0*i + 0 - 1/3*i**3 - 1/6*i**4 + i**2. What is o(-2)?
6
Let x(n) = 5 + 0 + n - 1 + 0. Let f(l) = 2*l + 8. Let t(q) = -4*f(q) + 7*x(q). Let i(s) = -s - 12. Let w be i(-9). Determine t(w).
-1
Let c(m) = m + 1. Let a be 2 + (-3)/(-3) - 2. Let t = a - -4. What is c(t)?
6
Suppose 0 = -2*x - 2*t + 20, -15 = -5*x - 0*t + 2*t. Suppose -2 = -x*f + 3*f. Let k(l) = -f - 4 - 4*l + 4. Determine k(-1).
3
Let w(z) = 2*z**2 - 5*z**2 - 4*z - z**3 - 4*z**2 - 7. Let k(r) = 14*r**2 + 20 - 15*r**3 + 6*r**2 + 18*r**3 + 11*r. Let i(f) = -6*k(f) - 17*w(f). Give i(-3).
11
Let n(w) be the first derivative of w**5/20 + w**4/6 + w**3/6 + w**2 - 3*w - 7. Let c(j) be the first derivative of n(j). Determine c(-2).
0
Let x(q) = -q**3 + 2*q**2 + 3*q + 2. Let n be 12/(-10)*45/18. Let m be ((-3)/(-2))/(n/(-6)). What is x(m)?
2
Let c(i) = -i**3 - i**2 - i + 3. Suppose -8 = 4*r - 4*k, 4 = -3*r - r + 2*k. Suppose r = 3*o + o. Calculate c(o).
3
Let m = 11 + -8. Suppose m*y - 24 = -y. Let k(v) = v**2 - 6*v - 2. Calculate k(y).
-2
Let z = 11 - 7. Suppose -2*p + 4*y - 13 = -5*p, z*p + 24 = 5*y. Let k(l) = 5*l**3 + l**2 - l - 1. Calculate k(p).
-4
Let v(i) = -i**2 - i + 4. Let z = 22 + -26. Calculate v(z).
-8
Let l(u) = -u**2 + 6*u + 1. Let a be l(6). Let f(d) = 7*d + 1. Calculate f(a).
8
Let w(n) = -3*n + 4. Let o(h) = h**2 - h + 1. Let t(c) = -3*o(c) + w(c). Give t(-2).
-11
Let x(o) be the first derivative of -3*o**4/4 + o**3/3 + o**2/2 - o - 40. Calculate x(1).
-2
Let q be 0 - (-4)/(2/(-1)). Let m(g) be the second derivative of -g**4/12 + g**3/6 - 6*g. Calculate m(q).
-6
Let i(v) be the first derivative of -v**3/3 + 9*v**2/2 - 6*v - 5. Determine i(6).
12
Let l be (-1 - (-2)/(-2)) + 2. Suppose -5*h = -l*h - 4*v - 5, -4*h - 2*v + 30 = 0. Let d(a) = -a**3 + 6*a**2 - 4*a. Calculate d(h).
5
Suppose -3*h = -4*d - 2*h + 12, 4*h = 0. Suppose 0 = -r, 3*w = 2*w + d*r + 5. Let y(m) = m**3 - 4*m**2 - 3*m - 1. Determine y(w).
9
Let g(s) = 6*s**2 - s - 4. Let x(v) = -v**2 + 1. Let w(z) = g(z) + 5*x(z). Let l(p) = p**3 + 8*p**2 + p + 10. Let o be l(-8). Determine w(o).
3
Let h(p) = -3*p**2 + 1 + p**2 + 0 + 2*p. Let s be (-6)/15 + (-44)/(-10). Suppose 3*q = 4*z - 5, -s*q - q - 15 = 0. Give h(z).
-3
Let h(j) be the first derivative of 1/2*j**2 - 3 + 0*j - 1/3*j**3. Calculate h(2).
-2
Let v be (-16)/(-9) + 10/45. Let d(m) = -m**2 - m + v + m**3 - 2. Suppose 4*z - 8*z = 0. Determine d(z).
0
Let y(z) be the second derivative of z**5/20 - z**3/2 - z**2 - 14*z. Calculate y(-2).
-4
Let k(c) = 4*c**3 + 4*c**2 - 5*c - 6. Let l(x) = -5*x**3 - 3*x**2 + 6*x + 7. Let h(t) = -4*k(t) - 3*l(t). Determine h(-7).
-11
Let f be (-2 - -5)/((-1)/(-3)). Let v(u) = f*u**2 - 4*u - 8*u**2 + 2*u. Determine v(2).
0
Let k(d) = 282*d**3 - 5*d - 140*d**3 - 2*d**2 - 2*d**2 - 141*d**3. What is k(5)?
0
Let u = -7 + 22. Suppose 5*n - u - 10 = 0. Let l(r) = r**3 - 4*r**2 - 4*r + 1. Calculate l(n).
6
Suppose 14 = 4*h - 2*c, 2*h + 3*h - 20 = 5*c. Let j(y) = -2*y - 2 + 4*y + 2*y - h*y. Give j(5).
3
Let z(b) be the second derivative of -b**7/2520 + b**6/360 - b**4/4 + 2*b. Let j(w) be the third derivative of z(w). Calculate j(3).
-3
Let n(v) = -7*v**2 - 8*v**2 + 2*v**2. Give n(-1).
-13
Let u(s) be the second derivative of -s**4/12 + s**3/2 - s**2/2 + 5*s. Let d = 6 - 4. Give u(d).
1
Let v(s) be the first derivative of -s**2/2 - 7*s - 6. Let y be v(-8). Let l(j) = 6*j**3 + j - 1. Give l(y).
6
Let a(b) be the first derivative of b**3/6 + b**2 - 2*b - 2. Let y(j) be the first derivative of a(j). Suppose -i - 1 + 5 = 0. What is y(i)?
6
Suppose 3*a - 2*w = -6, -w = a - 2 + 4. Let o = a - -9. Let b(c) = 0*c**2 + 7 + c**2 - o - 2*c. What is b(2)?
0
Let z = -14 + 19. Let j(o) = o**2 - 8*o + 7. Determine j(z).
-8
Let x = -52 + 46. Let q(p) be the third derivative of -4/3*p**3 + 2*p**2 + 1/60*p**5 + 0*p + 1/4*p**4 + 0. What is q(x)?
-8
Let o(t) be the first derivative of t**4/4 - 5*t**3/3 - 6*t + 8. Let j = 7 - 2. Determine o(j).
-6
Let h(u) = -u**2 + 6*u + 6. Let b(r) be the second derivative of -r**4/12 + 13*r**3/6 + 13*r**2/2 + 3*r. Let i(m) = 4*b(m) - 9*h(m). Determine i(2).
14
Let i(n) be the third derivative of n**5/60 + n**4/3 + 5*n**3/6 - n**2. Let a be 2*66/(-12) + 6. Calculate i(a).
-10
Suppose -29 = 14*o - 71. Let s(t) = 2*t - 1. What is s(o)?
5
Let s(g) = g**2 + 6*g - 7. Let a be (-3 - -2)*3 - 5. What is s(a)?
9
Let v(b) = 0 + 0 + 0 + 10 -